782783776?
False
Does 16 divide 582157813?
False
Does 917 divide 54847604?
True
Does 400 divide 780508400?
True
Does 6 divide 227389578?
True
Is 35 a factor of 522842799?
False
Is 45 a factor of 2879775?
True
Does 59 divide 30461818?
True
Does 134 divide 5165993165?
False
Is 3 a factor of 1351894?
False
Is 33194037 a multiple of 130?
False
Is 1029637112 a multiple of 56?
True
Is 25 a factor of 119359525?
True
Is 17 a factor of 251688470?
False
Does 88 divide 607596911?
False
Does 15 divide 55896729?
False
Is 14 a factor of 330097054?
True
Is 107249992 a multiple of 54?
False
Is 4262761448 a multiple of 45?
False
Is 360732026 a multiple of 994?
False
Is 26637911 a multiple of 16?
False
Is 493 a factor of 175304028?
False
Does 95 divide 928150?
True
Is 15 a factor of 4523250540?
True
Is 1306 a factor of 522189734?
True
Does 917 divide 33998747?
False
Is 21330204 a multiple of 2950?
False
Is 190 a factor of 73780990?
True
Does 12 divide 363103516?
False
Is 79 a factor of 1529300407?
True
Is 35891265 a multiple of 15?
True
Does 4187 divide 256164847?
True
Does 448 divide 302677760?
True
Is 2199231058 a multiple of 137?
False
Is 20452344 a multiple of 66?
True
Is 94235025 a multiple of 15?
True
Does 4 divide 3915737?
False
Is 27347996 a multiple of 26?
True
Is 6 a factor of 33136048?
False
Is 301799373 a multiple of 282?
False
Does 155 divide 367600015?
True
Is 3761228 a multiple of 83?
True
Is 778422977 a multiple of 25?
False
Does 56 divide 488424944?
True
Does 60 divide 79285680?
True
Is 55 a factor of 30666414?
False
Is 24 a factor of 19053640?
False
Does 2205 divide 282226770?
True
Is 1006 a factor of 42626523?
False
Is 621 a factor of 700344549?
True
Is 91812004 a multiple of 1406?
False
Does 123 divide 2335770?
True
Does 15 divide 1561313100?
True
Is 1046280489 a multiple of 93?
False
Is 75 a factor of 47909325?
True
Is 1478 a factor of 8105352?
True
Is 1916874 a multiple of 218?
True
Does 14 divide 36006936?
True
Is 601464706 a multiple of 130?
False
Is 424 a factor of 2591768264?
True
Does 25 divide 28617522?
False
Is 328 a factor of 16651576?
True
Is 2 a factor of 3015351?
False
Does 178 divide 465854732?
False
Does 10 divide 34584720?
True
Is 78205591 a multiple of 15?
False
Is 1299 a factor of 38351676?
True
Is 1593 a factor of 1085279040?
True
Is 1149 a factor of 68073654?
True
Is 1431134672 a multiple of 2708?
True
Is 206798081 a multiple of 222?
False
Does 121 divide 77465289?
True
Is 336 a factor of 212609040?
True
Does 13 divide 2579416?
False
Is 162 a factor of 491622210?
True
Is 5768 a factor of 310549120?
True
Is 1999000523 a multiple of 1117?
False
Is 109 a factor of 95541770?
True
Is 29 a factor of 44412723?
False
Is 17546584 a multiple of 1268?
True
Is 443 a factor of 187997754?
False
Is 75 a factor of 35529337?
False
Does 139 divide 4771870?
True
Is 79407450 a multiple of 450?
True
Does 35 divide 4545940?
True
Is 168 a factor of 27352248?
True
Is 21002976 a multiple of 42?
False
Does 1713 divide 320508471?
False
Does 1245 divide 8093745?
True
Does 396 divide 1262844?
True
Does 5 divide 77334205?
True
Is 1241308613 a multiple of 23?
False
Does 559 divide 1228140329?
True
Is 45842643 a multiple of 2391?
True
Does 17 divide 915551?
False
Is 604121680 a multiple of 10?
True
Is 6 a factor of 1169322588?
True
Is 64 a factor of 38300638?
False
Is 877457728 a multiple of 1472?
True
Is 6807241 a multiple of 161?
True
Is 3493 a factor of 2266560083?
False
Is 11 a factor of 25746404?
False
Is 482 a factor of 5354682600?
True
Does 296 divide 890060456?
True
Is 3 a factor of 19694892?
True
Is 130743628 a multiple of 441?
False
Is 622 a factor of 4760133576?
False
Does 10 divide 105326210?
True
Is 145173014 a multiple of 29?
True
Is 50 a factor of 617615013?
False
Does 33 divide 164705145?
True
Is 1675783 even?
False
Is 224560309 a multiple of 5241?
False
Is 208 a factor of 35489168?
True
Is 65 a factor of 126211176?
False
Is 144281410 a multiple of 2124?
False
Is 66 a factor of 207732426?
True
Does 66 divide 62526222?
True
Is 392621943 a multiple of 27?
False
Is 20796632 a multiple of 8?
True
Does 294 divide 242727576?
True
Is 450811810 a multiple of 1597?
False
Is 9581907 a multiple of 25?
False
Is 625171908 a multiple of 12?
True
Is 406957210 a multiple of 326?
True
Is 424 a factor of 6605159?
False
Does 61 divide 997347?
False
Does 10 divide 1204699337?
False
Is 1819 a factor of 147131634?
True
Does 383 divide 94700562?
False
Does 35 divide 116061225?
True
Is 14 a factor of 322379814?
False
Is 2317 a factor of 119253673?
True
Does 516 divide 529576856?
False
Is 8 a factor of 7854332?
False
Is 82 a factor of 2947674582?
True
Is 5637870 a multiple of 315?
True
Is 8052556 even?
True
Is 891 a factor of 17690305?
False
Is 2417801832 a multiple of 20?
False
Does 1104 divide 266693550?
False
Is 418 a factor of 55207768?
True
Is 5682377 a multiple of 132?
False
Does 82 divide 20481450?
False
Is 3079812806 a multiple of 1663?
True
Is 4 a factor of 262016?
True
Is 35 a factor of 213724589?
False
Is 232946826 a multiple of 19?
False
Is 372 a factor of 526802220?
True
Is 293 a factor of 564251265?
False
Is 15095393 a multiple of 157?
True
Does 7 divide 8057299?
False
Is 2015 a factor of 532383150?
True
Does 15 divide 953387126?
False
Is 2147 a factor of 102445939?
False
Is 270 a factor of 97600680?
True
Does 41 divide 17909575?
False
Is 26094409 a multiple of 29?
False
Is 33 a factor of 231600105?
True
Does 1900 divide 39471000?
False
Does 21 divide 22545674?
False
Is 749630948 a multiple of 921?
False
Does 354 divide 98249736?
False
Is 120354927 a multiple of 2401?
True
Does 135 divide 62779261?
False
Does 510 divide 18608370?
True
Does 1365 divide 223556970?
True
Does 39 divide 48649018?
False
Does 284 divide 1601250?
False
Does 163 divide 111580183?
True
Is 283491640 a multiple of 40?
True
Is 445284716 a multiple of 348?
False
Is 646 a factor of 988419095?
False
Is 375639370 a multiple of 6?
False
Does 1082 divide 157592676?
False
Does 112 divide 173401223?
False
Is 294438760 a multiple of 616?
True
Does 3802 divide 343955534?
True
Does 2617 divide 11072527?
True
Is 73 a factor of 627165661?
False
Does 30 divide 39922110?
True
Is 103 a factor of 21396602?
True
Does 15 divide 216097559?
False
Is 5362398 a multiple of 2328?
False
Is 49 a factor of 12766718?
False
Is 188835654 a multiple of 6?
True
Is 52 a factor of 444582736?
True
Is 39362304 a multiple of 214?
True
Does 8307 divide 5778992596?
False
Is 239264010 a multiple of 45?
True
Is 2913406 a multiple of 1346?
False
Is 540237448 a multiple of 158?
False
Does 925 divide 85647600?
True
Is 258 a factor of 515226?
True
Does 31 divide 227170666?
True
Is 411 a factor of 222847488?
True
Is 1133 a factor of 1422268496?
True
Is 668 a factor of 5591160?
True
Is 8 a factor of 455267262?
False
Is 49 a factor of 51711709?
True
Is 26978318 a multiple of 146?
True
Is 6 a factor of 102698318?
False
Does 26 divide 53822132?
True
Does 835 divide 4538956?
False
Is 20649065 a multiple of 53?
True
Does 2367 divide 318118806?
False
Is 166299989 a multiple of 19?
True
Does 10 divide 299050690?
True
Is 86 a factor of 862434003?
False
Is 46 a factor of 1177924168?
False
Does 250 divide 334901750?
True
Is 648842772 a multiple of 93?
True
Is 12 a factor of 651352832?
False
Is 2236 a factor of 45058624?
False
Is 17324262 a multiple of 6?
True
Does 75 divide 10137540?
False
Is 21732535 a multiple of 4?
False
Is 316130778 a multiple of 38?
True
Does 112 divide 51188578?
False
Does 1168 divide 39475103?
False
Is 502 a factor of 2734183662?
True
Is 131559636 a multiple of 52?
True
Is 525 a factor of 81724125?
True
Is 9 a factor of 22303938?
False
Is 41 a factor of 253002?
False
Is 12016293 a multiple of 331?
True
Does 17 divide 316783729?
True
Is 58410265 a multiple of 36?
False
Does 4105 divide 59953525?
True
Is 10 a factor of 56479727?
False
Is 8 a factor of 1457321816?
True
Does 11 divide 59831212?
False
Is 584376738 a multiple of 638?
True
Is 154201425 a multiple of 75?
True
Is 913561113 a multiple of 51?
True
Does 13 divide 330102554?
False
Does 148 divide 580682588?
True
Is 68 a factor of 26780542?
False
Is 5 a factor of 24473100?
True
Does 82 divide 25087545?
False
Is 566 a factor of 145527656?
True
Is 893596